, 53
List the prime factors of 11854256.
2, 740891
List the prime factors of 275560.
2, 5, 83
What are the prime factors of 2457643?
137, 17939
List the prime factors of 1293380.
2, 5, 11, 5879
List the prime factors of 1030377.
3, 23, 109, 137
What are the prime factors of 14639066?
2, 13, 563041
What are the prime factors of 252057?
3, 13, 23, 281
What are the prime factors of 678657?
3, 7, 17, 1901
List the prime factors of 788615.
5, 109, 1447
What are the prime factors of 387016?
2, 7, 6911
What are the prime factors of 6420523?
6420523
What are the prime factors of 1284028?
2, 321007
What are the prime factors of 238606?
2, 53, 2251
What are the prime factors of 114971?
17, 6763
List the prime factors of 23648189.
23648189
List the prime factors of 7961.
19, 419
What are the prime factors of 1436007?
3, 17, 37, 761
List the prime factors of 8449439.
8449439
What are the prime factors of 6811803?
3, 252289
List the prime factors of 3376152.
2, 3, 13, 3607
What are the prime factors of 521506?
2, 260753
List the prime factors of 117179.
37, 3167
What are the prime factors of 530583?
3, 47, 53, 71
List the prime factors of 529284.
2, 3, 7, 6301
What are the prime factors of 7301?
7, 149
List the prime factors of 240446.
2, 120223
List the prime factors of 31379.
31379
What are the prime factors of 683444?
2, 61, 2801
List the prime factors of 9683073.
3, 1075897
List the prime factors of 692007.
3, 251, 919
List the prime factors of 889699.
889699
List the prime factors of 1931773.
1931773
What are the prime factors of 1091015?
5, 113, 1931
List the prime factors of 4867909.
4867909
What are the prime factors of 11988389?
7, 89, 2749
List the prime factors of 3156880.
2, 5, 39461
List the prime factors of 8682706.
2, 593, 7321
List the prime factors of 4679894.
2, 71, 32957
What are the prime factors of 1247415?
3, 5, 13, 6397
What are the prime factors of 186390?
2, 3, 5, 19, 109
List the prime factors of 467778.
2, 3, 53, 1471
What are the prime factors of 17526691?
7, 13, 192601
What are the prime factors of 26540?
2, 5, 1327
What are the prime factors of 159848?
2, 13, 29, 53
List the prime factors of 105370.
2, 5, 41, 257
List the prime factors of 61265.
5, 12253
List the prime factors of 396139.
89, 4451
List the prime factors of 1824087.
3, 608029
What are the prime factors of 17900482?
2, 29, 59, 5231
What are the prime factors of 962352?
2, 3, 41, 163
List the prime factors of 31877.
127, 251
What are the prime factors of 441368?
2, 55171
List the prime factors of 12534535.
5, 13, 79, 2441
What are the prime factors of 416646?
2, 3, 79, 293
List the prime factors of 6844668.
2, 3, 570389
List the prime factors of 14538879.
3, 271, 1987
What are the prime factors of 1474720?
2, 5, 13, 709
What are the prime factors of 153533?
153533
What are the prime factors of 815459?
815459
What are the prime factors of 227449?
19, 11971
What are the prime factors of 133267?
71, 1877
What are the prime factors of 86247?
3, 7, 37
List the prime factors of 897744.
2, 3, 59, 317
List the prime factors of 579562.
2, 181, 1601
What are the prime factors of 1030995?
3, 5, 7, 1091
List the prime factors of 248302.
2, 17, 67, 109
What are the prime factors of 535475?
5, 21419
What are the prime factors of 222093?
3, 24677
What are the prime factors of 4763554?
2, 2381777
What are the prime factors of 5894617?
19, 310243
List the prime factors of 1517037.
3, 37, 79, 173
What are the prime factors of 875120?
2, 5, 10939
List the prime factors of 702051.
3, 7, 101, 331
List the prime factors of 21155103.
3, 2350567
List the prime factors of 336187.
227, 1481
List the prime factors of 182234.
2, 13, 43, 163
List the prime factors of 428104.
2, 59, 907
List the prime factors of 648156.
2, 3, 54013
What are the prime factors of 52884?
2, 3, 13, 113
What are the prime factors of 21177056?
2, 79, 8377
What are the prime factors of 785986?
2, 163, 2411
List the prime factors of 44249.
44249
List the prime factors of 169621.
29, 5849
What are the prime factors of 5243486?
2, 157, 16699
What are the prime factors of 4075974?
2, 3, 7, 41, 263
List the prime factors of 56472.
2, 3, 13, 181
What are the prime factors of 150659?
150659
What are the prime factors of 8712207?
3, 7, 138289
List the prime factors of 1814578.
2, 41, 22129
What are the prime factors of 7621916?
2, 17, 112087
List the prime factors of 500914.
2, 211, 1187
List the prime factors of 22022136.
2, 3, 29, 53, 199
List the prime factors of 250177.
101, 2477
List the prime factors of 151526.
2, 239, 317
List the prime factors of 2044475.
5, 53, 1543
List the prime factors of 25348344.
2, 3, 7, 150883
What are the prime factors of 1884538?
2, 942269
What are the prime factors of 8834061?
3, 149, 19763
List the prime factors of 19898989.
11, 59, 30661
What are the prime factors of 212114?
2, 7, 109, 139
What are the prime factors of 2360048?
2, 147503
What are the prime factors of 125797?
7, 17971
What are the prime factors of 40980?
2, 3, 5, 683
What are the prime factors of 212487?
3, 11, 47, 137
List the prime factors of 297224.
2, 53, 701
What are the prime factors of 286931?
83, 3457
List the prime factors of 180764.
2, 45191
What are the prime factors of 382073?
382073
What are the prime factors of 781492?
2, 29, 6737
List the prime factors of 333945.
3, 5, 41, 181
What are the prime factors of 749166?
2, 3, 11, 11351
What are the prime factors of 117123?
3, 39041
List the prime factors of 2360496.
2, 3, 49177
List the prime factors of 126957.
3, 101, 419
What are the prime factors of 182856?
2, 3, 19, 401
What are the prime factors of 24413?
24413
List the prime factors of 81406.
2, 13, 31, 101
List the prime factors of 728727.
3, 449, 541
What are the prime factors of 4951381?
19, 421, 619
What are the prime factors of 1072874?
2, 11, 48767
What are the prime factors of 2646264?
2, 3, 110261
What are the prime factors of 138301?
19, 29, 251
List the prime factors of 1296291.
3, 432097
List the prime factors of 25125.
3, 5, 67
What are the prime factors of 3492855?
3, 5, 25873
What are the prime factors of 224110?
2, 5, 73, 307
List the prime factors of 6282533.
6282533
List the prime factors of 1499668.
2, 43, 8719
List the prime factors of 303739.
17, 1051
List the prime factors of 34127374.
2, 29, 588403
What are the prime factors of 998282?
2, 499141
What are the prime factors of 13288?
2, 11, 151
What are the prime factors of 2678828?
2, 669707
What are the prime factors of 657352?
2, 127, 647
What are the prime factors of 163817?
107, 1531
What are the prime factors of 1327173?
3, 17, 53, 491
List the prime factors of 41261673.
3, 19, 709, 1021
List the prime factors of 4930062.
2, 3, 821677
What are the prime factors of 34767591?
3, 383, 30259
What are the prime factors of 13739767?
13739767
List the prime factors of 7558365.
3, 5, 367, 1373
List the prime factors of 126736.
2, 89
List the prime factors of 4847619.
3, 7, 673
What are the prime factors of 2664092?
2, 666023
What are the prime factors of 3837711?
3, 23, 55619
List the prime factors of 2310244.
2, 31, 601
List the prime factors of 919463.
97, 9479
List the prime factors of 120665.
5, 24133
List the prime factors of 24677817.
3, 8225939
What are the prime factors of 5663733?
3, 97, 19463
List the prime factors of 138777.
3, 167, 277
What are the prime factors of 57988?
2, 7, 19, 109
What are the prime factors of 2521925?
5, 7, 14411
What are the prime factors of 803854?
2, 277, 1451
What are the prime factors of 901189?
19, 47431
List the prime factors of 2188337.
127, 17231
List the prime factors of 273344.
2, 4271
List the prime factors of 552870.
2, 3, 5, 6143
What are the prime factors of 172838?
2, 89, 971
What are the prime factors of 1326353?
7, 189479
List the prime factors of 156344.
2, 19543
List the prime factors of 19981754.
2, 13, 29, 26501
List the prime factors of 3785581.
37, 101, 1013
List the prime factors of 1770326.
2, 885163
What are the prime factors of 15898298?
2, 13, 17, 35969
List the prime factors of 2093602.
2, 7, 149543
What are the prime factors of 1854672?
2, 3, 38639
What are the prime factors of 341838?
2, 3, 7, 2713
What are the prime factors of 417405?
3, 5, 27827
List the prime factor